{"id":324,"date":"2022-04-10T22:13:06","date_gmt":"2022-04-10T22:13:06","guid":{"rendered":"https:\/\/cemce.com.mx\/?page_id=324"},"modified":"2022-04-19T23:31:08","modified_gmt":"2022-04-19T23:31:08","slug":"ec0108-manejo-del-procesador-de-hojas-de-calculo-digitales-excel","status":"publish","type":"page","link":"https:\/\/cemce.com.mx\/index.php\/ec0108-manejo-del-procesador-de-hojas-de-calculo-digitales-excel\/","title":{"rendered":"EC0108 Manejo del procesador de hojas de c\u00e1lculo digitales EXCEL"},"content":{"rendered":"<p>[et_pb_section fb_built=\u00bb1&#8243; _builder_version=\u00bb4.6.3&#8243; _module_preset=\u00bbdefault\u00bb background_image=\u00bbhttps:\/\/cemce.com.mx\/wp-content\/uploads\/2022\/04\/BANNER-EC0108.png\u00bb][et_pb_row _builder_version=\u00bb4.6.3&#8243; _module_preset=\u00bbdefault\u00bb][et_pb_column type=\u00bb4_4&#8243; _builder_version=\u00bb4.6.3&#8243; _module_preset=\u00bbdefault\u00bb][et_pb_text _builder_version=\u00bb4.6.3&#8243; _module_preset=\u00bbdefault\u00bb text_text_color=\u00bb#ffffff\u00bb background_color=\u00bb#ffffff\u00bb animation_style=\u00bbflip\u00bb text_text_shadow_style=\u00bbpreset4&#8243; text_text_shadow_color=\u00bbrgba(0,0,0,0)\u00bb border_color_all=\u00bb#000000&#8243; box_shadow_style=\u00bbpreset6&#8243;]<\/p>\n<h1 style=\"text-align: center;\">EC0108 Manejo del procesador de hojas de c\u00e1lculo digitales (EXCEL)<\/h1>\n<p>[\/et_pb_text][\/et_pb_column][\/et_pb_row][et_pb_row column_structure=\u00bb1_2,1_2&#8243; _builder_version=\u00bb4.6.3&#8243; _module_preset=\u00bbdefault\u00bb][et_pb_column type=\u00bb1_2&#8243; _builder_version=\u00bb4.6.3&#8243; _module_preset=\u00bbdefault\u00bb][\/et_pb_column][et_pb_column type=\u00bb1_2&#8243; _builder_version=\u00bb4.6.3&#8243; _module_preset=\u00bbdefault\u00bb][\/et_pb_column][\/et_pb_row][et_pb_row column_structure=\u00bb1_2,1_2&#8243; _builder_version=\u00bb4.6.3&#8243; _module_preset=\u00bbdefault\u00bb][et_pb_column type=\u00bb1_2&#8243; _builder_version=\u00bb4.6.3&#8243; _module_preset=\u00bbdefault\u00bb][\/et_pb_column][et_pb_column type=\u00bb1_2&#8243; _builder_version=\u00bb4.6.3&#8243; _module_preset=\u00bbdefault\u00bb][\/et_pb_column][\/et_pb_row][\/et_pb_section][et_pb_section fb_built=\u00bb1&#8243; _builder_version=\u00bb4.6.3&#8243; _module_preset=\u00bbdefault\u00bb background_color=\u00bb#00457a\u00bb][et_pb_row _builder_version=\u00bb4.6.3&#8243; _module_preset=\u00bbdefault\u00bb][et_pb_column type=\u00bb4_4&#8243; _builder_version=\u00bb4.6.3&#8243; _module_preset=\u00bbdefault\u00bb][et_pb_text _builder_version=\u00bb4.6.3&#8243; _module_preset=\u00bbdefault\u00bb text_text_color=\u00bb#ffffff\u00bb custom_padding=\u00bb||3px|||\u00bb]<\/p>\n<p>EST\u00c1NDAR DE COMPETENCIA<\/p>\n<p>[\/et_pb_text][\/et_pb_column][\/et_pb_row][\/et_pb_section][et_pb_section fb_built=\u00bb1&#8243; _builder_version=\u00bb4.6.3&#8243; _module_preset=\u00bbdefault\u00bb background_color=\u00bb#00457a\u00bb min_height=\u00bb1464px\u00bb custom_margin=\u00bb-77px|||||\u00bb custom_padding=\u00bb54px|||||\u00bb][et_pb_row column_structure=\u00bb1_2,1_2&#8243; _builder_version=\u00bb4.6.3&#8243; _module_preset=\u00bbdefault\u00bb][et_pb_column type=\u00bb1_2&#8243; _builder_version=\u00bb4.6.3&#8243; _module_preset=\u00bbdefault\u00bb][et_pb_text _builder_version=\u00bb4.6.3&#8243; _module_preset=\u00bbdefault\u00bb inline_fonts=\u00bbArimo\u00bb]<\/p>\n<h1><strong><span style=\"color: #ffffff;\">EC0108 MANEJO DEL PROCESADOR DE HOJAS DE C\u00c1LCULO DIGITALES (EXCEL)<\/span><\/strong><\/h1>\n<p><span style=\"color: #ffffff;\">Domina las funciones de Excel y certif\u00edcate ante SEP-CONOCER. Incluye Tablas Din\u00e1micas y Dashboards.<\/span><\/p>\n<p style=\"text-align: justify;\"><span style=\"color: #ffffff;\">\u00a0<\/span><\/p>\n<p style=\"text-align: justify;\"><span style=\"color: #ffffff;\">Certifica tus conocimientos y habilidades en el dominio de EXCEL. Con este curso estar\u00e1s preparado para obtener un certificado en \u201cManejo del procesador de hojas de c\u00e1lculo digitales (Excel)\u201d, avalado por la SEP y el CONOCER, con validez oficial en todo el territorio nacional.<\/span><\/p>\n<p style=\"text-align: justify;\"><span style=\"color: #ffffff;\">\u00a0<\/span><\/p>\n<p style=\"text-align: justify;\"><span style=\"color: #ffffff;\">El proceso es muy sencillo:<\/span><\/p>\n<p style=\"text-align: justify;\"><span style=\"color: #ffffff;\">\u00a0<\/span><span style=\"color: #ffffff; font-size: 14px;\">\u00a0* Diagn\u00f3stico Online\u00a0<\/span><\/p>\n<p style=\"text-align: justify;\"><span style=\"color: #ffffff;\">\u00a0<\/span><span style=\"color: #ffffff; font-size: 14px;\">* Capacitaci\u00f3n\u00a0 Online\u00a0<\/span><\/p>\n<p style=\"text-align: justify;\"><span style=\"color: #ffffff;\">\u00a0<\/span><span style=\"color: #ffffff; font-size: 14px;\">* Evaluaci\u00f3n Online<\/span><\/p>\n<p style=\"text-align: justify;\"><span style=\"color: #ffffff;\">\u00a0<\/span><span style=\"color: #ffffff; font-size: 14px;\">\u00a0<\/span><\/p>\n<p style=\"text-align: justify;\"><strong><span style=\"color: #ffffff;\">\u00bfQu\u00e9 beneficios obtienes certific\u00e1ndote con nosotros?<\/span><\/strong><\/p>\n<p style=\"text-align: justify;\"><span style=\"color: #ffffff;\">\u00a0<\/span><\/p>\n<p style=\"text-align: justify;\"><span style=\"color: #ffffff;\">\u00a0\u2013 Aprende a tu ritmo y sin presi\u00f3n de horarios, nuestra plataforma e-learning www.aulacemce.com.mx, esta disponible para ti 24\/7.<\/span><\/p>\n<p style=\"text-align: justify;\"><span style=\"color: #ffffff;\">\u00a0<\/span><span style=\"color: #ffffff; font-size: 14px;\">\u2013 Entrega del certificado en 30 a 45 d\u00edas.<\/span><\/p>\n<p style=\"text-align: justify;\"><span style=\"color: #ffffff;\">\u00a0<\/span><span style=\"color: #ffffff; font-size: 14px;\">\u2013 Facilidades de pago.<\/span><\/p>\n<p style=\"text-align: justify;\"><span style=\"color: #ffffff;\">\u00a0<\/span><\/p>\n<p style=\"text-align: justify;\"><span style=\"color: #ffffff;\">\u00a0<\/span><span style=\"font-size: 14px; color: #ffffff;\">\u00a0<\/span><span style=\"font-size: 14px; color: #ffffff;\">\u00a0<\/span><span style=\"font-size: 14px;\"><a href=\"https:\/\/wa.link\/msjcol\"><span style=\"color: #ffffff;\">Da click y env\u00edanos un Whastsapp<\/span><\/a><\/span><\/p>\n<p style=\"text-align: justify;\"><span style=\"color: #ffffff;\">\u00a0<\/span><\/p>\n<p style=\"text-align: justify;\"><span style=\"color: #ffffff;\">\u00a0<\/span><span style=\"font-size: 14px;\"><strong><span style=\"color: #ffffff;\">\u00a0\u00bfQU\u00c9 APRENDER\u00c1S SI TE CERTIFICAS EN EL EC0108?<\/span><\/strong><\/span><\/p>\n<p style=\"text-align: justify;\"><span style=\"color: #ffffff;\">\u00a0<\/span><span style=\"color: #ffffff; font-size: 14px;\">\u00a0<\/span><\/p>\n<p style=\"text-align: justify;\"><span style=\"color: #ffffff;\">-Ejecutar operaciones b\u00e1sicas para el manejo de la aplicaci\u00f3n y la hoja de c\u00e1lculo<\/span><\/p>\n<p style=\"text-align: justify;\"><span style=\"color: #ffffff;\">&#8211; Ejecutar operaciones de edici\u00f3n de la hoja de c\u00e1lculo dentro de un libro<\/span><\/p>\n<p style=\"text-align: justify;\"><span style=\"color: #ffffff;\">&#8211; Manejar las hojas de c\u00e1lculo del libro<\/span><\/p>\n<p style=\"text-align: justify;\"><span style=\"color: #ffffff;\">&#8211; Trabajar con f\u00f3rmulas y funciones en las hojas de c\u00e1lculo de un libro<\/span><\/p>\n<p style=\"text-align: justify;\"><span style=\"color: #ffffff;\">&#8211; Aplicar formatos a las celdas de las hojas de c\u00e1lculo de un libro<\/span><\/p>\n<p style=\"text-align: justify;\"><span style=\"color: #ffffff;\">&#8211; Trabajar con gr\u00e1ficos e ilustraciones en la hoja de c\u00e1lculo de un libro<\/span><\/p>\n<p style=\"text-align: justify;\"><span style=\"color: #ffffff;\">&#8211; Personalizar el formato de impresi\u00f3n de la hoja de c\u00e1lculo de un libro<\/span><\/p>\n<p style=\"text-align: justify;\"><span style=\"color: #ffffff;\">&#8211; Operadores l\u00f3gicos<\/span><\/p>\n<p style=\"text-align: justify;\"><span style=\"color: #ffffff;\">&#8211; Tablas<\/span><\/p>\n<p style=\"text-align: justify;\"><span style=\"color: #ffffff;\">&#8211; Validaci\u00f3n de datos<\/span><\/p>\n<p style=\"text-align: justify;\"><span style=\"color: #ffffff;\">&#8211; Esquemas y subtotales<\/span><\/p>\n<p style=\"text-align: justify;\"><span style=\"color: #ffffff;\">&#8211; Funciones de texto<\/span><\/p>\n<p style=\"text-align: justify;\"><span style=\"color: #ffffff;\">&#8211; Funciones de sumas y promedios<\/span><\/p>\n<p style=\"text-align: justify;\"><span style=\"color: #ffffff;\">&#8211;\u00a0<\/span><span style=\"color: #ffffff; font-size: 14px;\">Formato condicional<\/span><\/p>\n<p style=\"text-align: justify;\"><span style=\"color: #ffffff;\">&#8211; Tablas din\u00e1micas<\/span><\/p>\n<p style=\"text-align: justify;\"><span style=\"color: #ffffff;\">&#8211; Dashboards<\/span><\/p>\n<p style=\"text-align: justify;\"><span style=\"color: #ffffff;\">\u00a0<\/span><\/p>\n<p style=\"text-align: justify;\"><span style=\"color: #ffffff;\">\u00a0<\/span><span style=\"font-size: 14px;\"><strong><span style=\"color: #ffffff;\">BENEFICIOS DE LA CERTIFICACI\u00d3N EC0903.01<\/span><\/strong><\/span><\/p>\n<p style=\"text-align: justify;\"><span style=\"color: #ffffff;\">&#8211; Mejora tu curriculum. Certificado con validez nacional avalado por la SEP-CONOCER.<\/span><\/p>\n<p style=\"text-align: justify;\"><span style=\"color: #ffffff;\">&#8211; Podr\u00e1s dominar las funciones de EXCEL, analizar informaci\u00f3n y mejorar tu productividad.<\/span><\/p>\n<p style=\"text-align: justify;\"><span style=\"color: #ffffff;\">&#8211; Ingresar\u00e1s al REGISTRO NACIONAL DE PERSONAS CON COMPETENCIAS CERTIFICADAS (RENAP).<\/span><\/p>\n<p><span style=\"color: #ffffff;\">\u00a0<\/span><\/p>\n<p><span style=\"color: #ffffff;\"><\/span><\/p>\n<p>&nbsp;<\/p>\n<p>[\/et_pb_text][\/et_pb_column][et_pb_column type=\u00bb1_2&#8243; _builder_version=\u00bb4.6.3&#8243; _module_preset=\u00bbdefault\u00bb][et_pb_code _builder_version=\u00bb4.6.3&#8243; _module_preset=\u00bbdefault\u00bb hover_enabled=\u00bb0&#8243; sticky_enabled=\u00bb0&#8243;]<\/p>\n<div style=\"padding:56.25% 0 0 0;position:relative;\"><iframe src=\"https:\/\/player.vimeo.com\/video\/701037533?h=372062c476&amp;badge=0&amp;autopause=0&amp;player_id=0&amp;app_id=58479\" frameborder=\"0\" allow=\"autoplay; fullscreen; picture-in-picture\" allowfullscreen style=\"position:absolute;top:0;left:0;width:100%;height:100%;\" title=\"EC0108 MKT\"><\/iframe><\/div>\n<p><script src=\"https:\/\/player.vimeo.com\/api\/player.js\"><\/script>[\/et_pb_code][\/et_pb_column][\/et_pb_row][et_pb_row _builder_version=\u00bb4.6.3&#8243; _module_preset=\u00bbdefault\u00bb][et_pb_column type=\u00bb4_4&#8243; _builder_version=\u00bb4.6.3&#8243; _module_preset=\u00bbdefault\u00bb][et_pb_button button_url=\u00bbhttps:\/\/cemce.com.mx\/wp-content\/uploads\/2022\/04\/EC0108_Excel.pdf\u00bb url_new_window=\u00bbon\u00bb button_text=\u00bbDescarga la ficha del estandar\u00bb _builder_version=\u00bb4.6.3&#8243; _module_preset=\u00bbdefault\u00bb custom_button=\u00bbon\u00bb button_text_color=\u00bb#0c71c3&#8243; button_bg_color=\u00bb#ffffff\u00bb][\/et_pb_button][\/et_pb_column][\/et_pb_row][\/et_pb_section]<\/p>\n","protected":false},"excerpt":{"rendered":"<p>EC0108 Manejo del procesador de hojas de c\u00e1lculo digitales (EXCEL)EST\u00c1NDAR DE COMPETENCIAEC0108 MANEJO DEL PROCESADOR DE HOJAS DE C\u00c1LCULO DIGITALES (EXCEL) Domina las funciones de Excel y certif\u00edcate ante SEP-CONOCER. Incluye Tablas Din\u00e1micas y Dashboards. \u00a0 Certifica tus conocimientos y habilidades en el dominio de EXCEL. Con este curso estar\u00e1s preparado para obtener un certificado [&hellip;]<\/p>\n","protected":false},"author":1,"featured_media":0,"parent":0,"menu_order":0,"comment_status":"closed","ping_status":"closed","template":"page-template-blank.php","meta":{"_et_pb_use_builder":"on","_et_pb_old_content":"","_et_gb_content_width":"","footnotes":""},"class_list":["post-324","page","type-page","status-publish","hentry"],"_links":{"self":[{"href":"https:\/\/cemce.com.mx\/index.php\/wp-json\/wp\/v2\/pages\/324","targetHints":{"allow":["GET"]}}],"collection":[{"href":"https:\/\/cemce.com.mx\/index.php\/wp-json\/wp\/v2\/pages"}],"about":[{"href":"https:\/\/cemce.com.mx\/index.php\/wp-json\/wp\/v2\/types\/page"}],"author":[{"embeddable":true,"href":"https:\/\/cemce.com.mx\/index.php\/wp-json\/wp\/v2\/users\/1"}],"replies":[{"embeddable":true,"href":"https:\/\/cemce.com.mx\/index.php\/wp-json\/wp\/v2\/comments?post=324"}],"version-history":[{"count":7,"href":"https:\/\/cemce.com.mx\/index.php\/wp-json\/wp\/v2\/pages\/324\/revisions"}],"predecessor-version":[{"id":367,"href":"https:\/\/cemce.com.mx\/index.php\/wp-json\/wp\/v2\/pages\/324\/revisions\/367"}],"wp:attachment":[{"href":"https:\/\/cemce.com.mx\/index.php\/wp-json\/wp\/v2\/media?parent=324"}],"curies":[{"name":"wp","href":"https:\/\/api.w.org\/{rel}","templated":true}]}}