{"id":175,"date":"2021-08-23T00:42:28","date_gmt":"2021-08-23T00:42:28","guid":{"rendered":"https:\/\/cemce.com.mx\/?page_id=175"},"modified":"2022-04-12T00:32:38","modified_gmt":"2022-04-12T00:32:38","slug":"ec0217-imparticion-de-cursos-de-formacion-del-capital-humano-de-manera-presencial-grupal","status":"publish","type":"page","link":"https:\/\/cemce.com.mx\/index.php\/ec0217-imparticion-de-cursos-de-formacion-del-capital-humano-de-manera-presencial-grupal\/","title":{"rendered":"EC0217 Impartici\u00f3n de cursos de formaci\u00f3n del capital humano de manera presencial grupal"},"content":{"rendered":"<p>[et_pb_section fb_built=\u00bb1&#8243; _builder_version=\u00bb4.6.3&#8243; _module_preset=\u00bbdefault\u00bb background_image=\u00bbhttps:\/\/cemce.com.mx\/wp-content\/uploads\/2021\/04\/EC0217-1.png\u00bb][et_pb_row _builder_version=\u00bb4.6.3&#8243; _module_preset=\u00bbdefault\u00bb][et_pb_column type=\u00bb4_4&#8243; _builder_version=\u00bb4.6.3&#8243; _module_preset=\u00bbdefault\u00bb][et_pb_text _builder_version=\u00bb4.6.3&#8243; _module_preset=\u00bbdefault\u00bb text_text_color=\u00bb#ffffff\u00bb background_color=\u00bb#ffffff\u00bb animation_style=\u00bbflip\u00bb text_text_shadow_style=\u00bbpreset4&#8243; text_text_shadow_color=\u00bbrgba(0,0,0,0)\u00bb border_color_all=\u00bb#000000&#8243; box_shadow_style=\u00bbpreset6&#8243;]<\/p>\n<h1 style=\"text-align: center;\"><span>EC0217.01 Impartici\u00f3n de cursos de formaci\u00f3n del capital humano de manera presencial grupal<\/span><\/h1>\n<p>[\/et_pb_text][\/et_pb_column][\/et_pb_row][et_pb_row column_structure=\u00bb1_2,1_2&#8243; _builder_version=\u00bb4.6.3&#8243; _module_preset=\u00bbdefault\u00bb][et_pb_column type=\u00bb1_2&#8243; _builder_version=\u00bb4.6.3&#8243; _module_preset=\u00bbdefault\u00bb][\/et_pb_column][et_pb_column type=\u00bb1_2&#8243; _builder_version=\u00bb4.6.3&#8243; _module_preset=\u00bbdefault\u00bb][\/et_pb_column][\/et_pb_row][et_pb_row column_structure=\u00bb1_2,1_2&#8243; _builder_version=\u00bb4.6.3&#8243; _module_preset=\u00bbdefault\u00bb][et_pb_column type=\u00bb1_2&#8243; _builder_version=\u00bb4.6.3&#8243; _module_preset=\u00bbdefault\u00bb][\/et_pb_column][et_pb_column type=\u00bb1_2&#8243; _builder_version=\u00bb4.6.3&#8243; _module_preset=\u00bbdefault\u00bb][\/et_pb_column][\/et_pb_row][\/et_pb_section][et_pb_section fb_built=\u00bb1&#8243; _builder_version=\u00bb4.6.3&#8243; _module_preset=\u00bbdefault\u00bb background_color=\u00bb#00457a\u00bb][et_pb_row _builder_version=\u00bb4.6.3&#8243; _module_preset=\u00bbdefault\u00bb][et_pb_column type=\u00bb4_4&#8243; _builder_version=\u00bb4.6.3&#8243; _module_preset=\u00bbdefault\u00bb][et_pb_text _builder_version=\u00bb4.6.3&#8243; _module_preset=\u00bbdefault\u00bb text_text_color=\u00bb#ffffff\u00bb custom_padding=\u00bb||3px|||\u00bb]<\/p>\n<p>EST\u00c1NDAR DE COMPETENCIA<\/p>\n<p>[\/et_pb_text][\/et_pb_column][\/et_pb_row][\/et_pb_section][et_pb_section fb_built=\u00bb1&#8243; _builder_version=\u00bb4.6.3&#8243; _module_preset=\u00bbdefault\u00bb background_color=\u00bb#00457a\u00bb min_height=\u00bb1464px\u00bb custom_margin=\u00bb-77px|||||\u00bb custom_padding=\u00bb54px|||||\u00bb][et_pb_row column_structure=\u00bb1_2,1_2&#8243; _builder_version=\u00bb4.6.3&#8243; _module_preset=\u00bbdefault\u00bb][et_pb_column type=\u00bb1_2&#8243; _builder_version=\u00bb4.6.3&#8243; _module_preset=\u00bbdefault\u00bb][et_pb_text _builder_version=\u00bb4.6.3&#8243; _module_preset=\u00bbdefault\u00bb]<\/p>\n<h1><span style=\"color: #ffffff;\"><strong>EC0217.01 Impartici\u00f3n de cursos de formaci\u00f3n del capital humano de manera presencial grupa<\/strong>l<\/span><\/h1>\n<p><span style=\"color: #ffffff;\">\u00a0<\/span><\/p>\n<h4><strong><span style=\"color: #ffffff;\">CONVI\u00c9RTETE EN UN INSTRUCTOR CERTIFICADO ANTE SEP-CONOCER<\/span><\/strong><\/h4>\n<p><span style=\"color: #ffffff;\">\u00a0<\/span><\/p>\n<p style=\"text-align: justify;\"><span style=\"color: #ffffff;\">Tienes experiencia impartiendo cursos o talleres de capacitaci\u00f3n, es momento de que te distingas como un instructor certificado\u00a0 ante SEP-CONOCER.El proceso es muy sencillo:<\/span><\/p>\n<p><span style=\"color: #ffffff;\">\u00a0<\/span><\/p>\n<p><span style=\"color: #ffffff;\">\u00a0*\u00a0Diagn\u00f3stico Online\u00a0\u00a0<\/span><\/p>\n<p><span style=\"color: #ffffff;\">* Alineaci\u00f3n Online\u00a0\u00a0<\/span><\/p>\n<p><span style=\"color: #ffffff;\">* Evaluaci\u00f3n Online<\/span><\/p>\n<p><span style=\"color: #ffffff;\">\u00a0<\/span><\/p>\n<p><span style=\"color: #ffffff;\">\u00a0<\/span><\/p>\n<h3><strong><span style=\"color: #ffffff;\">\u00a0\u00bfQu\u00e9 beneficios obtienes certific\u00e1ndote con nosotros?<\/span><\/strong><\/h3>\n<p><span style=\"color: #ffffff;\">\u00a0<\/span><\/p>\n<p style=\"text-align: justify;\"><span style=\"color: #ffffff;\">&#8211; Entrega del certificado en un mes aproximadamente.\u00a0<\/span><\/p>\n<p style=\"text-align: justify;\"><span style=\"color: #ffffff;\">&#8211; Facilidades de pago.\u00a0<\/span><\/p>\n<p style=\"text-align: justify;\"><span style=\"color: #ffffff;\">&#8211; Acceso gratis a nuestro Curso de Herramientas digitales para docentes que te ayudar\u00e1 a desarrollar tus cursos m\u00e1s f\u00e1cilmente. Aprender\u00e1s a utilizar Google Classroom, Google Forms, Google Meet, Kahoot y Edpuzzle.<\/span><\/p>\n<p style=\"text-align: justify;\"><span style=\"color: #ffffff;\">&#8211; Acceso gratis a nuestro Curso Gu\u00eda para registrarse como Agente de Capacitaci\u00f3n Externo ante la STPS<\/span><\/p>\n<p><span style=\"color: #ffffff;\">\u00a0<\/span><\/p>\n<p><a href=\"https:\/\/wa.link\/erlmz8\"><span style=\"color: #ffffff;\">\u00a0Da click y env\u00edanos un Whastsapp<\/span><\/a><\/p>\n<p><span style=\"color: #ffffff;\">\u00a0<\/span><\/p>\n<h3><span style=\"color: #ffffff;\">\u00a0<strong>\u00bfQU\u00c9 SER\u00c1S CAPAZ DE REALIZAR SI TE CERTIFICAS EN ELEC0217.01?<\/strong><\/span><\/h3>\n<p style=\"text-align: justify;\"><span style=\"color: #ffffff;\">\u00a0<\/span><\/p>\n<p style=\"text-align: justify;\"><span style=\"color: #ffffff;\">\u00a0&#8211; Planear eficientemente tus talleres o cursos.<\/span><\/p>\n<p style=\"text-align: justify;\"><span style=\"color: #ffffff;\">\u00a0&#8211; Conducir una sesi\u00f3n estructurada con encuadre, desarrollo y cierre.<\/span><\/p>\n<p style=\"text-align: justify;\"><span style=\"color: #ffffff;\">\u00a0&#8211; Emplear t\u00e9cnicas instruccionales y grupales que faciliten el proceso de aprendizaje.<\/span><\/p>\n<p style=\"text-align: justify;\"><span style=\"color: #ffffff;\">\u00a0&#8211; Evaluar el aprendizaje antes, durante y al final del curso, considerando la satisfacci\u00f3n de los participantes.<\/span><\/p>\n<p><span style=\"color: #ffffff;\">\u00a0<\/span><\/p>\n<h3><span style=\"color: #ffffff;\"><strong>BENEFICIOS DE LA CERTIFICACI\u00d3N EC0217<\/strong><\/span><\/h3>\n<h3><span style=\"color: #ffffff;\">\u00a0<\/span><\/h3>\n<ul>\n<li><span style=\"color: #ffffff;\"><span class=\"JsGRdQ\">C<\/span><span class=\"JsGRdQ\">ertificado con validez nacional <\/span><span class=\"JsGRdQ\">avalado por la SEP-CONOCER.<\/span><\/span><\/li>\n<\/ul>\n<p class=\"_04xlpA direction-ltr align-justify para-style-body\">\n<ul>\n<li><span style=\"color: #ffffff;\"><span class=\"JsGRdQ\">Podr\u00e1s iniciar tu centro de capacitaci\u00f3n al convertirte en un <\/span><span class=\"JsGRdQ\">Agente Capacitador Externo ante la STPS.<\/span><\/span><\/li>\n<\/ul>\n<p class=\"_04xlpA direction-ltr align-justify para-style-body\">\n<ul>\n<li><span style=\"color: #ffffff;\"><span class=\"JsGRdQ\">Ingresar\u00e1s al <\/span><span class=\"JsGRdQ\">REGISTRO NACIONAL DE PERSONAS CON COMPETENCIAS CERTIFICADAS (RENAP).<\/span><\/span><\/li>\n<\/ul>\n<p class=\"_04xlpA direction-ltr align-justify para-style-body\">\n<ul>\n<li><span style=\"color: #ffffff;\"><span class=\"JsGRdQ\">Impartir\u00e1s cursos con la <\/span><span class=\"JsGRdQ\">metodolog\u00eda avalada y estructurada p<\/span><span class=\"JsGRdQ\">or SEP CONOCER .<\/span><\/span><\/li>\n<\/ul>\n<p><span style=\"color: #ffffff;\">\u00a0<\/span><\/p>\n<h3><strong><span style=\"color: #ffffff;\">SI ERES CAPACITADOR O DAS CURSOS CONOCELAS DESVENTAJAS DE NO CONTAR CON EL CERTIFICADO EC0217.01\u00a0<\/span><\/strong><\/h3>\n<h3><strong><span style=\"color: #ffffff;\">\u00a0<\/span><\/strong><\/h3>\n<p style=\"text-align: justify;\"><span style=\"color: #ffffff;\">&#8211; NO cuentas con un certificado ante la SEP que te avale como un experto en capacitaci\u00f3n.\u00a0<\/span><\/p>\n<p style=\"text-align: justify;\"><span style=\"color: #ffffff;\">&#8211; NO podr\u00e1s ganar licitaciones en empresas p\u00fablicas y privadas por falta de un certificado que avale tu competencia.\u00a0<\/span><\/p>\n<p style=\"text-align: justify;\"><span style=\"color: #ffffff;\">&#8211; Tus cursos no cuentan con una metodolog\u00eda de cursos estandarizada por la SEP.\u00a0\u00a0<\/span><\/p>\n<p>&nbsp;<\/p>\n<p>[\/et_pb_text][\/et_pb_column][et_pb_column type=\u00bb1_2&#8243; _builder_version=\u00bb4.6.3&#8243; _module_preset=\u00bbdefault\u00bb][et_pb_video src=\u00bbhttps:\/\/cemce.com.mx\/wp-content\/uploads\/2021\/06\/NUEVO-CAMPANA-0217-video.mp4&#8243; _builder_version=\u00bb4.6.3&#8243; _module_preset=\u00bbdefault\u00bb hover_enabled=\u00bb0&#8243; title_text=\u00bbNUEVO CAMPA\u00d1A 0217 video\u00bb sticky_enabled=\u00bb0&#8243;][\/et_pb_video][\/et_pb_column][\/et_pb_row][et_pb_row _builder_version=\u00bb4.6.3&#8243; _module_preset=\u00bbdefault\u00bb][et_pb_column type=\u00bb4_4&#8243; _builder_version=\u00bb4.6.3&#8243; _module_preset=\u00bbdefault\u00bb][et_pb_button button_url=\u00bbhttps:\/\/cemce.com.mx\/wp-content\/uploads\/2022\/04\/EC0217.01.pdf\u00bb url_new_window=\u00bbon\u00bb button_text=\u00bbDescarga la ficha del estandar\u00bb _builder_version=\u00bb4.6.3&#8243; _module_preset=\u00bbdefault\u00bb custom_button=\u00bbon\u00bb button_text_color=\u00bb#0c71c3&#8243; button_bg_color=\u00bb#ffffff\u00bb][\/et_pb_button][\/et_pb_column][\/et_pb_row][\/et_pb_section]<\/p>\n","protected":false},"excerpt":{"rendered":"<p>EC0217.01 Impartici\u00f3n de cursos de formaci\u00f3n del capital humano de manera presencial grupalEST\u00c1NDAR DE COMPETENCIAEC0217.01 Impartici\u00f3n de cursos de formaci\u00f3n del capital humano de manera presencial grupal \u00a0 CONVI\u00c9RTETE EN UN INSTRUCTOR CERTIFICADO ANTE SEP-CONOCER \u00a0 Tienes experiencia impartiendo cursos o talleres de capacitaci\u00f3n, es momento de que te distingas como un instructor certificado\u00a0 ante [&hellip;]<\/p>\n","protected":false},"author":1,"featured_media":0,"parent":0,"menu_order":0,"comment_status":"closed","ping_status":"closed","template":"page-template-blank.php","meta":{"_et_pb_use_builder":"on","_et_pb_old_content":"","_et_gb_content_width":"","footnotes":""},"class_list":["post-175","page","type-page","status-publish","hentry"],"_links":{"self":[{"href":"https:\/\/cemce.com.mx\/index.php\/wp-json\/wp\/v2\/pages\/175","targetHints":{"allow":["GET"]}}],"collection":[{"href":"https:\/\/cemce.com.mx\/index.php\/wp-json\/wp\/v2\/pages"}],"about":[{"href":"https:\/\/cemce.com.mx\/index.php\/wp-json\/wp\/v2\/types\/page"}],"author":[{"embeddable":true,"href":"https:\/\/cemce.com.mx\/index.php\/wp-json\/wp\/v2\/users\/1"}],"replies":[{"embeddable":true,"href":"https:\/\/cemce.com.mx\/index.php\/wp-json\/wp\/v2\/comments?post=175"}],"version-history":[{"count":5,"href":"https:\/\/cemce.com.mx\/index.php\/wp-json\/wp\/v2\/pages\/175\/revisions"}],"predecessor-version":[{"id":363,"href":"https:\/\/cemce.com.mx\/index.php\/wp-json\/wp\/v2\/pages\/175\/revisions\/363"}],"wp:attachment":[{"href":"https:\/\/cemce.com.mx\/index.php\/wp-json\/wp\/v2\/media?parent=175"}],"curies":[{"name":"wp","href":"https:\/\/api.w.org\/{rel}","templated":true}]}}